[INFO] fetching crate yalb 0.0.1...
[INFO] checking yalb-0.0.1 against master#9610dfe5a9a731ced1ea4923ecbd0c57fe367898 for beta-170-4
[INFO] extracting crate yalb 0.0.1 into /workspace/builds/worker-0-tc1/source
[INFO] validating manifest of crates.io crate yalb 0.0.1 on toolchain 9610dfe5a9a731ced1ea4923ecbd0c57fe367898
[INFO] running `Command { std: CARGO_HOME="/workspace/cargo-home" RUSTUP_HOME="/workspace/rustup-home" "/workspace/cargo-home/bin/cargo" "+9610dfe5a9a731ced1ea4923ecbd0c57fe367898" "metadata" "--manifest-path" "Cargo.toml" "--no-deps", kill_on_drop: false }`
[INFO] started tweaking crates.io crate yalb 0.0.1
[INFO] finished tweaking crates.io crate yalb 0.0.1
[INFO] tweaked toml for crates.io crate yalb 0.0.1 written to /workspace/builds/worker-0-tc1/source/Cargo.toml
[INFO] running `Command { std: CARGO_HOME="/workspace/cargo-home" RUSTUP_HOME="/workspace/rustup-home" __CARGO_TEST_CHANNEL_OVERRIDE_DO_NOT_USE_THIS="nightly" "/workspace/cargo-home/bin/cargo" "+9610dfe5a9a731ced1ea4923ecbd0c57fe367898" "generate-lockfile" "--manifest-path" "Cargo.toml" "-Zno-index-update", kill_on_drop: false }`
[INFO] running `Command { std: CARGO_HOME="/workspace/cargo-home" RUSTUP_HOME="/workspace/rustup-home" "/workspace/cargo-home/bin/cargo" "+9610dfe5a9a731ced1ea4923ecbd0c57fe367898" "fetch" "--manifest-path" "Cargo.toml", kill_on_drop: false }`
[INFO] running `Command { std: "docker" "create" "-v" "/var/lib/crater-agent-workspace/builds/worker-0-tc1/target:/opt/rustwide/target:rw,Z" "-v" "/var/lib/crater-agent-workspace/builds/worker-0-tc1/source:/opt/rustwide/workdir:ro,Z" "-v" "/var/lib/crater-agent-workspace/cargo-home:/opt/rustwide/cargo-home:ro,Z" "-v" "/var/lib/crater-agent-workspace/rustup-home:/opt/rustwide/rustup-home:ro,Z" "-e" "SOURCE_DIR=/opt/rustwide/workdir" "-e" "CARGO_TARGET_DIR=/opt/rustwide/target" "-e" "CARGO_HOME=/opt/rustwide/cargo-home" "-e" "RUSTUP_HOME=/opt/rustwide/rustup-home" "-w" "/opt/rustwide/workdir" "-m" "1610612736" "--user" "0:0" "--network" "none" "ghcr.io/rust-lang/crates-build-env/linux@sha256:19e73879b68f455e41552ea35293514db52ea292d993f571636dbffedb77a1ee" "/opt/rustwide/cargo-home/bin/cargo" "+9610dfe5a9a731ced1ea4923ecbd0c57fe367898" "metadata" "--no-deps" "--format-version=1", kill_on_drop: false }`
[INFO] [stdout] 13835c79d97868953591a47985b2201a9379b5cbed2c612a97f13a9390626f1f
[INFO] running `Command { std: "docker" "start" "-a" "13835c79d97868953591a47985b2201a9379b5cbed2c612a97f13a9390626f1f", kill_on_drop: false }`
[INFO] running `Command { std: "docker" "inspect" "13835c79d97868953591a47985b2201a9379b5cbed2c612a97f13a9390626f1f", kill_on_drop: false }`
[INFO] running `Command { std: "docker" "rm" "-f" "13835c79d97868953591a47985b2201a9379b5cbed2c612a97f13a9390626f1f", kill_on_drop: false }`
[INFO] [stdout] 13835c79d97868953591a47985b2201a9379b5cbed2c612a97f13a9390626f1f
[INFO] running `Command { std: "docker" "create" "-v" "/var/lib/crater-agent-workspace/builds/worker-0-tc1/target:/opt/rustwide/target:rw,Z" "-v" "/var/lib/crater-agent-workspace/builds/worker-0-tc1/source:/opt/rustwide/workdir:ro,Z" "-v" "/var/lib/crater-agent-workspace/cargo-home:/opt/rustwide/cargo-home:ro,Z" "-v" "/var/lib/crater-agent-workspace/rustup-home:/opt/rustwide/rustup-home:ro,Z" "-e" "SOURCE_DIR=/opt/rustwide/workdir" "-e" "CARGO_TARGET_DIR=/opt/rustwide/target" "-e" "CARGO_INCREMENTAL=0" "-e" "RUST_BACKTRACE=full" "-e" "RUSTFLAGS=--cap-lints=forbid" "-e" "RUSTDOCFLAGS=--cap-lints=forbid" "-e" "CARGO_HOME=/opt/rustwide/cargo-home" "-e" "RUSTUP_HOME=/opt/rustwide/rustup-home" "-w" "/opt/rustwide/workdir" "-m" "1610612736" "--user" "0:0" "--network" "none" "ghcr.io/rust-lang/crates-build-env/linux@sha256:19e73879b68f455e41552ea35293514db52ea292d993f571636dbffedb77a1ee" "/opt/rustwide/cargo-home/bin/cargo" "+9610dfe5a9a731ced1ea4923ecbd0c57fe367898" "check" "--frozen" "--all" "--all-targets" "--message-format=json", kill_on_drop: false }`
[INFO] [stdout] 3cc43cc0d3bbf158ed086e0c1f169fa0aa483e59d13f0ee73731531a3ba21f9f
[INFO] running `Command { std: "docker" "start" "-a" "3cc43cc0d3bbf158ed086e0c1f169fa0aa483e59d13f0ee73731531a3ba21f9f", kill_on_drop: false }`
[INFO] [stderr]    Compiling log v0.4.18
[INFO] [stderr]     Checking yalb v0.0.1 (/opt/rustwide/workdir)
[INFO] [stdout] error[E0432]: unresolved imports `log::LogMetadata`, `log::LogRecord`, `log::LogLevelFilter`
[INFO] [stdout]  --> src/lib.rs:3:11
[INFO] [stdout]   |
[INFO] [stdout] 3 | use log::{LogMetadata, LogRecord, LogLevelFilter, SetLoggerError};
[INFO] [stdout]   |           ^^^^^^^^^^^  ^^^^^^^^^  ^^^^^^^^^^^^^^ no `LogLevelFilter` in the root
[INFO] [stdout]   |           |            |
[INFO] [stdout]   |           |            no `LogRecord` in the root
[INFO] [stdout]   |           no `LogMetadata` in the root
[INFO] [stdout]   |
[INFO] [stdout] help: a similar name exists in the module
[INFO] [stdout]   |
[INFO] [stdout] 3 | use log::{Metadata, LogRecord, LogLevelFilter, SetLoggerError};
[INFO] [stdout]   |           ~~~~~~~~
[INFO] [stdout] help: a similar name exists in the module
[INFO] [stdout]   |
[INFO] [stdout] 3 | use log::{LogMetadata, Record, LogLevelFilter, SetLoggerError};
[INFO] [stdout]   |                        ~~~~~~
[INFO] [stdout] help: a similar name exists in the module
[INFO] [stdout]   |
[INFO] [stdout] 3 | use log::{LogMetadata, LogRecord, LevelFilter, SetLoggerError};
[INFO] [stdout]   |                                   ~~~~~~~~~~~
[INFO] [stdout] 
[INFO] [stdout] 
[INFO] [stdout] error[E0425]: cannot find function `shutdown_logger` in crate `log`
[INFO] [stdout]   --> src/lib.rs:44:18
[INFO] [stdout]    |
[INFO] [stdout] 44 |     let _ = log::shutdown_logger();
[INFO] [stdout]    |                  ^^^^^^^^^^^^^^^ not found in `log`
[INFO] [stdout] 
[INFO] [stdout] 
[INFO] [stdout] error[E0432]: unresolved imports `log::LogMetadata`, `log::LogRecord`, `log::LogLevelFilter`
[INFO] [stdout]  --> src/lib.rs:3:11
[INFO] [stdout]   |
[INFO] [stdout] 3 | use log::{LogMetadata, LogRecord, LogLevelFilter, SetLoggerError};
[INFO] [stdout]   |           ^^^^^^^^^^^  ^^^^^^^^^  ^^^^^^^^^^^^^^ no `LogLevelFilter` in the root
[INFO] [stdout]   |           |            |
[INFO] [stdout]   |           |            no `LogRecord` in the root
[INFO] [stdout]   |           no `LogMetadata` in the root
[INFO] [stdout]   |
[INFO] [stdout] help: a similar name exists in the module
[INFO] [stdout]   |
[INFO] [stdout] 3 | use log::{Metadata, LogRecord, LogLevelFilter, SetLoggerError};
[INFO] [stdout]   |           ~~~~~~~~
[INFO] [stdout] help: a similar name exists in the module
[INFO] [stdout]   |
[INFO] [stdout] 3 | use log::{LogMetadata, Record, LogLevelFilter, SetLoggerError};
[INFO] [stdout]   |                        ~~~~~~
[INFO] [stdout] help: a similar name exists in the module
[INFO] [stdout]   |
[INFO] [stdout] 3 | use log::{LogMetadata, LogRecord, LevelFilter, SetLoggerError};
[INFO] [stdout]   |                                   ~~~~~~~~~~~
[INFO] [stdout] 
[INFO] [stdout] 
[INFO] [stdout] error[E0425]: cannot find function `shutdown_logger` in crate `log`
[INFO] [stdout]   --> src/lib.rs:44:18
[INFO] [stdout]    |
[INFO] [stdout] 44 |     let _ = log::shutdown_logger();
[INFO] [stdout]    |                  ^^^^^^^^^^^^^^^ not found in `log`
[INFO] [stdout] 
[INFO] [stdout] 
[INFO] [stdout] error[E0046]: not all trait items implemented, missing: `flush`
[INFO] [stdout]   --> src/lib.rs:19:1
[INFO] [stdout]    |
[INFO] [stdout] 19 | impl log::Log for Logger{
[INFO] [stdout]    | ^^^^^^^^^^^^^^^^^^^^^^^^ missing `flush` in implementation
[INFO] [stdout]    |
[INFO] [stdout]    = help: implement the missing item: `fn flush(&self) { todo!() }`
[INFO] [stdout] 
[INFO] [stdout] 
[INFO] [stdout] error[E0046]: not all trait items implemented, missing: `flush`
[INFO] [stdout]   --> src/lib.rs:19:1
[INFO] [stdout]    |
[INFO] [stdout] 19 | impl log::Log for Logger{
[INFO] [stdout]    | ^^^^^^^^^^^^^^^^^^^^^^^^ missing `flush` in implementation
[INFO] [stdout]    |
[INFO] [stdout]    = help: implement the missing item: `fn flush(&self) { todo!() }`
[INFO] [stdout] 
[INFO] [stdout] 
[INFO] [stdout] error[E0282]: type annotations needed
[INFO] [stdout]   --> src/lib.rs:37:29
[INFO] [stdout]    |
[INFO] [stdout] 37 |     return log::set_logger(|max_log_level| {
[INFO] [stdout]    |                             ^^^^^^^^^^^^^
[INFO] [stdout] 38 |         max_log_level.set(LogLevelFilter::Debug);
[INFO] [stdout]    |         ------------- type must be known at this point
[INFO] [stdout]    |
[INFO] [stdout] help: consider giving this closure parameter an explicit type
[INFO] [stdout]    |
[INFO] [stdout] 37 |     return log::set_logger(|max_log_level: /* Type */| {
[INFO] [stdout]    |                                          ++++++++++++
[INFO] [stdout] 
[INFO] [stdout] 
[INFO] [stdout] error: aborting due to 4 previous errors
[INFO] [stdout] 
[INFO] [stdout] 
[INFO] [stdout] Some errors have detailed explanations: E0046, E0282, E0425, E0432.
[INFO] [stdout] 
[INFO] [stdout] For more information about an error, try `rustc --explain E0046`.
[INFO] [stdout] 
[INFO] [stdout] error[E0282]: type annotations needed
[INFO] [stdout]   --> src/lib.rs:37:29
[INFO] [stdout]    |
[INFO] [stdout] 37 |     return log::set_logger(|max_log_level| {
[INFO] [stdout]    |                             ^^^^^^^^^^^^^
[INFO] [stdout] 38 |         max_log_level.set(LogLevelFilter::Debug);
[INFO] [stdout]    |         ------------- type must be known at this point
[INFO] [stdout]    |
[INFO] [stdout] help: consider giving this closure parameter an explicit type
[INFO] [stdout]    |
[INFO] [stdout] 37 |     return log::set_logger(|max_log_level: /* Type */| {
[INFO] [stdout]    |                                          ++++++++++++
[INFO] [stdout] 
[INFO] [stdout] 
[INFO] [stdout] error: aborting due to 4 previous errors
[INFO] [stdout] 
[INFO] [stdout] 
[INFO] [stdout] Some errors have detailed explanations: E0046, E0282, E0425, E0432.
[INFO] [stdout] 
[INFO] [stdout] For more information about an error, try `rustc --explain E0046`.
[INFO] [stdout] 
[INFO] [stderr] error: could not compile `yalb` (lib) due to 5 previous errors
[INFO] [stderr] warning: build failed, waiting for other jobs to finish...
[INFO] [stderr] error: could not compile `yalb` (lib test) due to 5 previous errors
[INFO] running `Command { std: "docker" "inspect" "3cc43cc0d3bbf158ed086e0c1f169fa0aa483e59d13f0ee73731531a3ba21f9f", kill_on_drop: false }`
[INFO] running `Command { std: "docker" "rm" "-f" "3cc43cc0d3bbf158ed086e0c1f169fa0aa483e59d13f0ee73731531a3ba21f9f", kill_on_drop: false }`
[INFO] [stdout] 3cc43cc0d3bbf158ed086e0c1f169fa0aa483e59d13f0ee73731531a3ba21f9f
